{"id":24,"date":"2015-03-02T15:58:33","date_gmt":"2015-03-02T15:58:33","guid":{"rendered":"http:\/\/kunst.schwarzenbach-saale.de\/wordpress\/?page_id=24"},"modified":"2023-11-22T20:14:31","modified_gmt":"2023-11-22T19:14:31","slug":"ueber-die-galerie","status":"publish","type":"page","link":"https:\/\/kunstgalerie.schwarzenbach-saale.de\/wordpress\/ueber-die-galerie\/","title":{"rendered":"\u00dcber die Galerie"},"content":{"rendered":"<p><a href=\"https:\/\/kunstgalerie.schwarzenbach-saale.de\/wordpress\/wp-content\/uploads\/2015\/07\/web_galerie_sw.png\"><img loading=\"lazy\" decoding=\"async\" class=\"size-full wp-image-164 aligncenter\" src=\"https:\/\/kunstgalerie.schwarzenbach-saale.de\/wordpress\/wp-content\/uploads\/2015\/07\/web_galerie_sw.png\" alt=\"web_galerie_sw\" width=\"851\" height=\"851\" srcset=\"https:\/\/kunstgalerie.schwarzenbach-saale.de\/wordpress\/wp-content\/uploads\/2015\/07\/web_galerie_sw.png 851w, https:\/\/kunstgalerie.schwarzenbach-saale.de\/wordpress\/wp-content\/uploads\/2015\/07\/web_galerie_sw-150x150.png 150w, https:\/\/kunstgalerie.schwarzenbach-saale.de\/wordpress\/wp-content\/uploads\/2015\/07\/web_galerie_sw-300x300.png 300w, https:\/\/kunstgalerie.schwarzenbach-saale.de\/wordpress\/wp-content\/uploads\/2015\/07\/web_galerie_sw-500x500.png 500w, https:\/\/kunstgalerie.schwarzenbach-saale.de\/wordpress\/wp-content\/uploads\/2015\/07\/web_galerie_sw-810x810.png 810w\" sizes=\"auto, (max-width: 851px) 100vw, 851px\" \/><\/a><\/p>\n<p>Die Stadt Schwarzenbach a.d. Saale besitzt eine langj\u00e4hrige Tradition als Malerstadt. Im Jahre 1997 wurde im Obergeschoss des sanierten historischen <strong>ALTEN RATHAUS<\/strong> am Marktplatz eine Galerie eingerichtet und damit einheimischen aber auch \u00fcberregionalen K\u00fcnstlern eine M\u00f6glichkeit gegeben, ihre Werke zu pr\u00e4sentieren.<\/p>\n<p>Die Galerie bietet 6 Ausstellungen im Jahr.<\/p>\n<p>Nachfolgend einige Raumimpressionen und ein Grundriss der Galerie.<\/p>\n<p><a href=\"https:\/\/kunstgalerie.schwarzenbach-saale.de\/wordpress\/wp-content\/uploads\/2023\/03\/DSC_0461-1.jpeg\"><img loading=\"lazy\" decoding=\"async\" class=\"size-full wp-image-924 aligncenter\" src=\"https:\/\/kunstgalerie.schwarzenbach-saale.de\/wordpress\/wp-content\/uploads\/2023\/03\/DSC_0461-1.jpeg\" alt=\"\" width=\"768\" height=\"512\" srcset=\"https:\/\/kunstgalerie.schwarzenbach-saale.de\/wordpress\/wp-content\/uploads\/2023\/03\/DSC_0461-1.jpeg 768w, https:\/\/kunstgalerie.schwarzenbach-saale.de\/wordpress\/wp-content\/uploads\/2023\/03\/DSC_0461-1-300x200.jpeg 300w, https:\/\/kunstgalerie.schwarzenbach-saale.de\/wordpress\/wp-content\/uploads\/2023\/03\/DSC_0461-1-450x300.jpeg 450w\" sizes=\"auto, (max-width: 768px) 100vw, 768px\" \/><\/a>\u00a0\u00a0\u00a0\u00a0\u00a0\u00a0\u00a0\u00a0\u00a0\u00a0\u00a0 <a href=\"https:\/\/kunstgalerie.schwarzenbach-saale.de\/wordpress\/wp-content\/uploads\/2022\/09\/IMG-20220910-WA0010.jpg\"><img loading=\"lazy\" decoding=\"async\" class=\"size-full wp-image-880 aligncenter\" src=\"https:\/\/kunstgalerie.schwarzenbach-saale.de\/wordpress\/wp-content\/uploads\/2022\/09\/IMG-20220910-WA0010.jpg\" alt=\"\" width=\"768\" height=\"1024\" srcset=\"https:\/\/kunstgalerie.schwarzenbach-saale.de\/wordpress\/wp-content\/uploads\/2022\/09\/IMG-20220910-WA0010.jpg 768w, https:\/\/kunstgalerie.schwarzenbach-saale.de\/wordpress\/wp-content\/uploads\/2022\/09\/IMG-20220910-WA0010-225x300.jpg 225w\" sizes=\"auto, (max-width: 768px) 100vw, 768px\" \/><\/a>\u00a0\u00a0 <a href=\"https:\/\/kunstgalerie.schwarzenbach-saale.de\/wordpress\/wp-content\/uploads\/2022\/09\/presse.pdf\">presse<\/a> <a href=\"https:\/\/kunstgalerie.schwarzenbach-saale.de\/wordpress\/wp-content\/uploads\/2022\/07\/DSC_0526.jpeg\"><img loading=\"lazy\" decoding=\"async\" class=\" wp-image-865 aligncenter\" src=\"https:\/\/kunstgalerie.schwarzenbach-saale.de\/wordpress\/wp-content\/uploads\/2022\/07\/DSC_0526.jpeg\" alt=\"\" width=\"769\" height=\"508\" \/><\/a> <a href=\"https:\/\/kunstgalerie.schwarzenbach-saale.de\/wordpress\/wp-content\/uploads\/2022\/07\/DSC_0527.jpeg\"><img loading=\"lazy\" decoding=\"async\" class=\"wp-image-864 aligncenter\" src=\"https:\/\/kunstgalerie.schwarzenbach-saale.de\/wordpress\/wp-content\/uploads\/2022\/07\/DSC_0527.jpeg\" alt=\"\" width=\"764\" height=\"583\" \/><\/a><\/p>\n<p>&nbsp;<\/p>\n<p>&nbsp;<\/p>\n<p><a href=\"https:\/\/kunstgalerie.schwarzenbach-saale.de\/wordpress\/wp-content\/uploads\/2023\/11\/Grundriss-Galerie.jpg\"><img loading=\"lazy\" decoding=\"async\" class=\"wp-image-1019 aligncenter\" src=\"https:\/\/kunstgalerie.schwarzenbach-saale.de\/wordpress\/wp-content\/uploads\/2023\/11\/Grundriss-Galerie.jpg\" alt=\"\" width=\"651\" height=\"741\" \/><\/a><\/p>\n","protected":false},"excerpt":{"rendered":"<p>Die Stadt Schwarzenbach a.d. Saale besitzt eine langj\u00e4hrige Tradition als Malerstadt. Im Jahre 1997 wurde im Obergeschoss des sanierten historischen ALTEN RATHAUS am Marktplatz eine Galerie eingerichtet und damit einheimischen aber auch \u00fcberregionalen K\u00fcnstlern eine M\u00f6glichkeit gegeben, ihre Werke zu pr\u00e4sentieren. Die Galerie bietet 6 Ausstellungen im Jahr. Nachfolgend einige Raumimpressionen und ein Grundriss der [&hellip;]<\/p>\n","protected":false},"author":2,"featured_media":0,"parent":0,"menu_order":0,"comment_status":"closed","ping_status":"closed","template":"","meta":{"footnotes":""},"class_list":["post-24","page","type-page","status-publish","hentry"],"_links":{"self":[{"href":"https:\/\/kunstgalerie.schwarzenbach-saale.de\/wordpress\/wp-json\/wp\/v2\/pages\/24","targetHints":{"allow":["GET"]}}],"collection":[{"href":"https:\/\/kunstgalerie.schwarzenbach-saale.de\/wordpress\/wp-json\/wp\/v2\/pages"}],"about":[{"href":"https:\/\/kunstgalerie.schwarzenbach-saale.de\/wordpress\/wp-json\/wp\/v2\/types\/page"}],"author":[{"embeddable":true,"href":"https:\/\/kunstgalerie.schwarzenbach-saale.de\/wordpress\/wp-json\/wp\/v2\/users\/2"}],"replies":[{"embeddable":true,"href":"https:\/\/kunstgalerie.schwarzenbach-saale.de\/wordpress\/wp-json\/wp\/v2\/comments?post=24"}],"version-history":[{"count":14,"href":"https:\/\/kunstgalerie.schwarzenbach-saale.de\/wordpress\/wp-json\/wp\/v2\/pages\/24\/revisions"}],"predecessor-version":[{"id":1020,"href":"https:\/\/kunstgalerie.schwarzenbach-saale.de\/wordpress\/wp-json\/wp\/v2\/pages\/24\/revisions\/1020"}],"wp:attachment":[{"href":"https:\/\/kunstgalerie.schwarzenbach-saale.de\/wordpress\/wp-json\/wp\/v2\/media?parent=24"}],"curies":[{"name":"wp","href":"https:\/\/api.w.org\/{rel}","templated":true}]}}